s digit of 1997?
9
What is the hundreds digit of 789?
7
What is the units digit of 91167?
7
What is the units digit of 171?
1
What is the thousands digit of 159974?
9
What is the tens digit of 1229?
2
What is the units digit of 5617?
7
What is the units digit of 3156?
6
What is the tens digit of 295?
9
What is the tens digit of 1637?
3
What is the tens digit of 851?
5
What is the units digit of 8100?
0
What is the units digit of 21758?
8
What is the ten thousands digit of 11236?
1
What is the units digit of 4204?
4
What is the thousands digit of 1719?
1
What is the units digit of 1146?
6
What is the thousands digit of 6435?
6
What is the tens digit of 266?
6
What is the units digit of 49830?
0
What is the hundreds digit of 40473?
4
What is the tens digit of 975?
7
What is the ten thousands digit of 75767?
7
What is the units digit of 1242?
2
What is the tens digit of 15784?
8
What is the hundreds digit of 1741?
7
What is the thousands digit of 19762?
9
What is the units digit of 454?
4
What is the units digit of 12375?
5
What is the hundreds digit of 1765?
7
What is the units digit of 2905?
5
What is the hundreds digit of 9906?
9
What is the thousands digit of 13430?
3
What is the thousands digit of 3736?
3
What is the units digit of 22786?
6
What is the units digit of 1702?
2
What is the thousands digit of 2093?
2
What is the hundreds digit of 1170?
1
What is the thousands digit of 2771?
2
What is the tens digit of 6799?
9
What is the hundreds digit of 1974?
9
What is the hundreds digit of 4683?
6
What is the ten thousands digit of 26455?
2
What is the hundreds digit of 548?
5
What is the tens digit of 304?
0
What is the tens digit of 35159?
5
What is the tens digit of 11371?
7
What is the hundreds digit of 13555?
5
What is the units digit of 18652?
2
What is the ten thousands digit of 69697?
6
What is the hundred thousands digit of 130970?
1
What is the hundred thousands digit of 186309?
1
What is the hundreds digit of 7083?
0
What is the hundreds digit of 647?
6
What is the units digit of 42?
2
What is the hundreds digit of 559?
5
What is the tens digit of 84528?
2
What is the hundreds digit of 12737?
7
What is the hundreds digit of 986?
9
What is the tens digit of 1675?
7
What is the thousands digit of 53231?
3
What is the units digit of 2421?
1
What is the tens digit of 1621?
2
What is the units digit of 6852?
2
What is the hundreds digit of 1579?
5
What is the thousands digit of 1131?
1
What is the units digit of 374?
4
What is the tens digit of 690?
9
What is the hundreds digit of 95978?
9
What is the hundreds digit of 7536?
5
What is the ten thousands digit of 14757?
1
What is the thousands digit of 17565?
7
What is the tens digit of 11395?
9
What is the units digit of 57686?
6
What is the thousands digit of 9883?
9
What is the units digit of 417?
7
What is the tens digit of 2091?
9
What is the thousands digit of 1498?
1
What is the tens digit of 747?
4
What is the tens digit of 6626?
2
What is the units digit of 3?
3
What is the units digit of 33468?
8
What is the hundreds digit of 2072?
0
What is the hundreds digit of 1142?
1
What is the tens digit of 365?
6
What is the hundreds digit of 11904?
9
What is the thousands digit of 12544?
2
What is the tens digit of 342?
4
What is the tens digit of 40893?
9
What is the tens digit of 600?
0
What is the units digit of 1090?
0
What is the tens digit of 2278?
7
What is the hundreds digit of 330?
3
What is the hundreds digit of 7866?
8
What is the tens digit of 2618?
1
What is the hundreds digit of 95206?
2
What is the hundreds digit of 1026?
0
What is the tens digit of 5016?
1
What is the tens digit of 46100?
0
What is the units digit of 2?
2
What is the units digit of 4571?
1
What is the tens digit of 69884?
8
What is the tens digit of 24090?
9
What is the thousands digit of 1973?
1
What is the hundreds digit of 4452?
4
What is the tens digit of 310?
1
What is the thousands digit of 23435?
3
What is the tens digit of 3565?
6
What is the hundreds digit of 10101?
1
What is the thousands digit of 1277?
1
What is the units digit of 1616?
6
What is the tens digit of 6860?
6
What is the units digit of 4642?
2
What is the tens digit of 27800?
0
What is the tens digit of 80?
8
What is the hundreds digit of 15596?
5
What is the units digit of 1672?
2
What is the thousands digit of 2936?
2
What is the thousands digit of 65396?
5
What is the units digit of 9335?
5
What is the units digit of 198?
8
What is the tens digit of 5459?
5
What is the thousands digit of 9914?
9
What is the hundreds digit of 198?
1
What is the thousands digit of 5849?
5
What is the thousands digit of 1164?
1
What is the ten thousands digit of 50365?
5
What is the thousands digit of 1014?
1
What is the thousands digit of 8569?
8
What is the hundreds digit of 51145?
1
What is the thousands digit of 1739?
1
What is the units digit of 1147?
7
What is the tens digit of 7283?
8
What is the hundreds digit of 955?
9
What is the tens digit of 703?
0
What is the ten thousands digit of 94501?
9
What is the tens digit of 1086?
8
What is the tens digit of 10403?
0
What is the units digit of 6704?
4
What is the tens digit of 163678?
7
What is the ten thousands digit of 26163?
2
What is the hundreds digit of 1884?
8
What is the thousands digit of 4439?
4
What is the hundreds digit of 2459?
4
What is the ten thousands digit of 53307?
5
What is the ten thousands digit of 69459?
6
What is the tens digit of 2232?
3
What is the thousands digit of 10441?
0
What is the thousands digit of 20038?
0
What is the tens digit of 1493?
9
What is the thousands digit of 21520?
1
What is the units digit of 357?
7
What is the ten thousands digit of 94270?
9
What is the thousands digit of 7491?
7
What is the hundreds digit of 797?
7
What is the hundreds digit of 52330?
3
What is the tens digit of 4682?
8
What is the ten thousands digit of 38248?
3
What is the tens digit of 22938?
3
What is the thousands digit of 1336?
1
What is the units digit of 966?
6
What is the hundreds digit of 16768?
7
What is the tens digit of 44?
4
What is the hundreds digit of 4620?
6
What is the thousands digit of 7506?
7
What is the thousands digit of 14293?
4
What is the thousands digit of 1360?
1
What is the hundreds digit of 6321?
3
What is the thousands digit of 103458?
3
What is the ten thousands digit of 23163?
2
What is the tens digit of 11029?
2
What is the hundreds digit of 6587?
5
What is the thousands digit of 31939?
1
What is the units digit of 17562?
2
What is the hundreds digit of 2318?
3
What is the tens digit of 43?
4
What is the thousands digit of 1909?
1
What is the units digit of 25940?
0
What is the thousands digit of 137257?
7
What is the units digit of 1163?
3
What is the tens digit of 29695?
9
What is the thousands digit of 72123?
2
What is the tens digit of 851?
5
What is the tens digit of 14424?
2
What is the tens digit of 12817?
1
What is the units digit of 277?
7
What is the tens digit of 29?
2
What is the ten thousands digit of 14665?
1
What is the hundreds digit of 6999?
9
What is the hundreds digit of 12707?
7
What is the units digit of 74006?
6
What is the hundreds digit of 21737?
7
What is the hundreds digit of 10753?
7
What is the units digit of 985?
5
What is the tens digit of 373?
7
What is the units digit of 6332?
2
What is the units digit of 5374?
4
What is the hundreds digit of 305?
3
What is the thousands digit of 93098?
3
What is the thousands digit of 13594?
3
What is the tens digit of 1852?
5
What is the units digit of 60?
0
What is the hundreds digit of 1662?
6
What is the thousands digit of 25646?
5
What is the hundreds digit of 5091?
0
What is the hundreds digit of 1129?
1
What is the ten thousands digit of 39661?
3
What is the thousands digit of 1475?
1
What is the hundreds digit of 75979?
9
What is the hundreds digit of 125046?
0
What is the thousands digit of 11141?
1
What is the units digit of 769?
9
What is the thousands digit of 1985?
1
What is the thousands digit of 16749?
6
What is the hundreds digit of 587?
5
What is the units digit of 368?
8
What is the tens digit of 7026?
2
What is the hundreds digit of 841?
8
What is the units digit of 1547?
7
What is the tens digit of 591?
9
What is the hundreds digit of 32491?
4
What is th